233 - -10)). Calculate the greatest common divisor of 360 and h.
45
Let r = 63 - 62. Let q be (-66)/(-36) - r/(-6). Suppose 2*f = 4*f + 2*c - 150, -185 = -q*f + 5*c. What is the highest common factor of 40 and f?
40
Let o = 12771 + -5401. What is the highest common factor of o and 110?
110
Let m be 0 - 4 - (-924 + 36/6). Let v = m - 523. Calculate the highest common factor of 92 and v.
23
Let i be (-111)/(-12) + 3/4. Suppose -4*f = -g + 482, -4*f = 5*g - 0*f - 2506. Suppose 5*y + 148 - g = 0. What is the highest common factor of i and y?
10
Let h be (-8)/(-48) - 874/(-12). Suppose 0 = -10*b + 5*b + 5. Calculate the highest common factor of h and b.
1
Let d be (-13734)/(-12)*(10/18)/((-60)/(-72)). Calculate the greatest common divisor of d and 2398.
109
Let u(h) = 8*h**3 - 15*h**2 + 71*h - 264. Let a be u(6). Calculate the highest common divisor of 3450 and a.
150
Let q be (-1257)/(-2) + 133/266. Calculate the greatest common divisor of q and 51.
17
Suppose -23*t + 54680 = -30972. What is the greatest common factor of t and 76?
76
Suppose 5*v - 2249 = 3*y, -125*v + 126*v - 453 = -y. What is the greatest common factor of v and 297?
11
Let v = 24583 - 24575. What is the highest common factor of 706 and v?
2
Let l = -35 + 35. Suppose l = 2*d + d - 249. Suppose -2*v - 3 = -d. Calculate the highest common divisor of 100 and v.
20
Let z = 100 - 10. Let t(a) = -4*a**3 + 24*a**2 + 2*a - 7. Let m be t(6). Suppose 21*l = m*l + 160. What is the highest common factor of z and l?
10
Let j be (19764/243)/(10/15). Calculate the greatest common factor of j and 18.
2
Suppose 256 = 4*c + 16. Suppose -4*m - 695 = -5*k, 2*k = 296*m - 295*m + 275. Calculate the greatest common factor of k and c.
15
Let s = 16809 + -13110. Calculate the highest common factor of 135 and s.
27
Let t = -893 - -1097. Suppose -126*i = -129*i + 36. Calculate the greatest common divisor of t and i.
12
Let m(t) = 2*t**2 - 5*t - 45. Let b be m(-4). Let q be (-22 + b)/(3/(-9)). Calculate the highest common factor of q and 165.
15
Let q be (-21)/(-35) + -1 + (-696)/(-40). Calculate the highest common divisor of 782 and q.
17
Suppose 4*s + 4*x - 20 = 0, -5 = 3*s + 5*x - 30. Let p = -5 + 9. Suppose s = -p*h + 75 + 1. Calculate the greatest common divisor of h and 152.
19
Let h = -1398 - -1408. Calculate the greatest common factor of 85 and h.
5
Let x = 169 - 167. Let l be 58/145*(x + 53). Calculate the greatest common divisor of 374 and l.
22
Let j be 6 - 136/16 - (-441)/18. What is the greatest common divisor of j and 15?
1
Suppose -2*n = d - 152, 0 = -3*d + 4*d + 2. Suppose 27*m - m - 599 - 5407 = 0. Calculate the greatest common factor of n and m.
77
Let u(y) = 2*y**2 - 64*y - 127. Let n be u(34). What is the greatest common factor of n and 9981?
9
Let q = 42434 + -42413. Suppose -4*k + 3*k = 3*f - 20, 26 = 2*k - f. Calculate the highest common factor of k and q.
7
Let r(j) = 14*j**2 + 2*j - 3. Let o be r(2). Suppose b = -2*b + 39. Let p = b + o. What is the highest common factor of 10 and p?
10
Let l be (-178)/9 - ((-80)/45)/(-8). Let u be (l/(-30)*18)/(1/3). What is the greatest common divisor of u and 234?
18
Let v(r) = -r**3 + 57*r**2 + 250*r - 159. Let i be v(61). Calculate the greatest common factor of i and 92.
23
Let b(q) = 8*q - 27. Let u be b(8). Suppose 5*w = 6*j - 2*j - 6, -3*w - 4*j + 22 = 0. What is the highest common divisor of w and u?
1
Suppose 84*n - 8901 = -7310 + 64181. What is the greatest common divisor of 1189 and n?
29
Let w = 2087 - 1917. Calculate the highest common divisor of 1462 and w.
34
Let s = 2 - -22. Let a be 24/10 - (112/40)/7. Suppose -4 = 2*v, a*k = -k + 5*v + 586. Calculate the greatest common factor of s and k.
24
Let j be (19558/(-381))/((-2)/3). Calculate the greatest common factor of j and 497.
7
Let d be (-4)/(-5)*230/(-4). Let v = d - -73. What is the greatest common divisor of v and 45?
9
Let i be ((-8)/3)/(6/(-18)). Let q be 75/(-6)*(6 - i). Suppose -2*x + 3*o = -q, 3*x - 5*o - 18 = 19. Calculate the greatest common factor of x and 7.
7
Suppose 1430 - 2518 = -8*a + 2416. Calculate the highest common factor of a and 6351.
219
Let q = 1250 + -716. Let t = -523 + q. Let d(p) = -11*p. Let g be d(-4). What is the highest common divisor of g and t?
11
Suppose -328 = -4*v - 4*b, 4*b + 2623 = -3*v + 2866. Let m(c) = c. Let i be m(5). What is the greatest common factor of i and v?
5
Let q(k) = -210*k + 1479. Let d be q(7). Suppose 2*x = 4*r - 720, -2*x - 50 + 422 = 2*r. Let j be (-2)/4 + r/4. Calculate the highest common divisor of j and d.
9
Suppose -40 = u - 46. Suppose -819 = -u*n + 711. What is the highest common factor of n and 15?
15
Let o(c) = 2*c**2 - 13*c - 59. Let i = 29 - 36. Let r be o(i). What is the greatest common divisor of 52 and r?
26
Let w(r) = -r**2 - 118*r - 1112. Let m be w(-100). What is the highest common divisor of 48 and m?
16
Let r(u) = -u**3 - 6*u**2 - 12*u + 2. Let v be r(-3). What is the highest common divisor of v and 44?
11
Suppose 3*l - 156 = -5*f, 12*l = 4*f + 13*l - 129. What is the greatest common divisor of f and 1243?
11
Let j(i) = i**3 + 6*i**2 + 9*i. Let c be j(-4). Let x be (c/(-2))/((-6)/72). Let f = -8 - x. What is the greatest common divisor of 2 and f?
2
Let z be (-1)/(-3 - (-55)/20). Let p be z/(-18) - (-32)/(-18). Let u be (-246)/18*p + (-4)/(-6). What is the greatest common divisor of 112 and u?
28
Let w(m) = 25 + m - 11 + 4. Let l be w(-9). Let p be 54*(5/(-70) - 4/(-7)). Calculate the highest common divisor of l and p.
9
Let g(z) = 10*z - 2. Let r = 18 + -8. Let p = 11 - r. Let y be g(p). Calculate the greatest common factor of 20 and y.
4
Let u(d) = -2*d**2 - 41*d - 9. Let m be u(-17). Let t(w) = -5*w - 18. Let x be t(-8). What is the highest common divisor of m and x?
22
Let n = 8441 + -4059. What is the greatest common factor of 14 and n?
14
Suppose -37*u + 21*u + 64 = 0. Let k(i) = 16*i**2 - 10*i + 18. Let a be k(u). What is the highest common factor of 36 and a?
18
Suppose 2*j - 10 = 0, -4*j - 83 - 401 = 4*y. Let s be (10/4 + -3)*y. Let u be s + 0 - (1 - 7)/3. What is the greatest common divisor of u and 5?
5
Let a be 5*(-2434)/(-90) + (-2)/9. Let c = -697 + 715. What is the greatest common factor of c and a?
9
Let m(t) = 8*t - 83. Let g be m(11). Suppose 2*a = 5*a + 2*z - 20, -g*z = 3*a - 23. Suppose 0 = o + 21 - 51. Calculate the highest common divisor of a and o.
6
Suppose 0 = 27*y + 11*r - 16*r - 12310, -y + 3*r = -470. Calculate the highest common divisor of y and 1755.
65
Suppose 34*v - 864 = 30*v. Let r be 6/v*11812 - (-1)/(-9). Calculate the greatest common factor of r and 41.
41
Suppose 3*y = 5*y + 5*o - 67, 4*o = -5*y + 125. Let n(c) = 6*c**2. Let v be n(6). Suppose 5*q - v = 729. What is the greatest common divisor of y and q?
21
Let d = -554 + 922. Let m = d + -264. What is the greatest common divisor of 234 and m?
26
Suppose 5*i - 152 + 877 = 0. Let b = 166 + i. What is the greatest common divisor of b and 28?
7
Suppose 0*i = 2*i - 6, 32 = 5*r + 4*i. Let s(f) = 0*f + 0*f - 3*f + 8*f**2 + 0*f - f**3 - r. Let x be s(6). Calculate the greatest common factor of 10 and x.
10
Suppose -276 = -x + 4*g, -4*x - 2*g + 1189 = -g. Let a = x + -290. What is the greatest common factor of a and 26?
2
Suppose -2*n + 2 = 0, -4*l - 2*n + 20 = -3*l. Suppose 0 = -27*x + l*x + 288. Calculate the greatest common divisor of x and 24.
8
Let p be (1032/60)/(2/110 + 0). Calculate the highest common divisor of 129 and p.
43
Let h(b) = 11*b**2 + 5*b + 14. Let m be h(-4). Let l = 24 + -34. Let n be l*(0 - 1 - 0). Calculate the greatest common divisor of n and m.
10
Suppose -13*d = -6*d - 3157. Suppose 0 = -3*u + 3*g + 132, 4*u + 4*g - 65 - 87 = 0. What is the highest common divisor of d and u?
41
Let s be (-612 + -4)*(-60)/105. What is the greatest common divisor of 2904 and s?
88
Let y = -5 - -40. Let u(f) = -3*f**3 + 381*f**2 - 449*f + 9086. Let b be u(126). Calculate the greatest common factor of b and y.
35
Suppose k + 22 = 3*w, 0*k + 2 = -w - 2*k. Suppose 4*x + 88 = 5*d + w*x, -3*d + 3*x = -36. Calculate the greatest common divisor of 116 and d.
4
Let c = 35 - 33. Suppose c*i - 375 + 367 = 0. Calculate the highest common divisor of 1 and i.
1
Suppose 61*y - 460 = 5*y + 884. Suppose -5*u + 3*a = -u - 156, 2*u 